1. Let t be -6*(-1 + 4/6). Suppose 0*m + 2*h = 3*m - 58, t*m - 4*h = 36. Suppose -4*b = -12, m = -4*y - 0*y + 4*b. What is a(y)?
-13
Let j(h) = 4*h + 2. Let y be (-5 + 5)/((-4)/(-2)). Suppose 5*x = -y*x. Suppose -5*b - a + 20 = a, -3*b + 5*a - 19 = x. Give j(b).
10
Let f = 11 + -23. Let h be (-1)/(1 + f/14). Let a(t) = -2*t - 9. Calculate a(h).
5
Let j(z) = -2 + 3*z + 2 - 1 + 0*z. Let n be (-28)/20 - ((-4)/10 + 0). Give j(n).
-4
Let j(p) = 6*p - 13. Let y be j(3). Suppose y*c - 10 = 30. Let o(q) = -q + 11. Give o(c).
3
Let q(c) = -c**3 + 5*c**2 + c + 15. Suppose -12*d + 15*d = 6, 0 = -2*w - d + 14. Give q(w).
-15
Let z(l) be the second derivative of -l**3/3 - l**2/2 - 4*l. Let u(t) = 5*t + 3. Let h(s) = 3*u(s) + 7*z(s). Calculate h(6).
8
Let s(u) = -u**2 + 6*u - 1. Let l(k) = -2*k**3 + 5*k**2 + 11*k - 18. Let z be l(3). Determine s(z).
-1
Let n(o) = -6*o. Let t be n(-8). Let h = t + -42. Let l(w) = w**2 - 9*w + 9. Let x(s) = -2*s**2 + 18*s - 17. Let f(q) = 5*l(q) + 3*x(q). What is f(h)?
12
Suppose f + 13 = 2*f. Suppose 3*q - f = -4. Let o(n) = q*n - 2 + 1 - 5*n + 0*n + 3*n**2. Determine o(-1).
4
Let k(r) = 41 - 20 - 8*r + 4*r - 20 - 2*r. What is k(-2)?
13
Let g(q) = 16*q**3 - 2*q**2 + 2*q - 9. Let a(r) = -3*r**3. Let x(m) = -5*a(m) - g(m). What is x(3)?
-6
Let s(l) be the second derivative of -l**4/24 - 3*l**2/2 + 2*l. Let h(t) be the first derivative of s(t). Determine h(7).
-7
Suppose -5*q = 3*u - 4, 5*u + 17 = q + 5. Let t(a) = -a**2 - 2*a. Calculate t(q).
-8
Let i(q) = -q**3 + 3*q**2 + 2*q + 4. Let h(j) be the first derivative of -5*j**2/2 - 6*j + 5. Let o be h(-2). What is i(o)?
-4
Let w be ((-135)/36 - -1)*(4 - 0). Let v(d) = d**2 + 9*d - 14. Give v(w).
8
Let f = 10 + -7. Suppose -t = -c - 9, 2*t - 6*t + 32 = -f*c. Let w(h) = h**2 - 5*h - 7. What is w(t)?
-7
Let h(l) = -7*l**2 + 2*l + 2. Suppose -10 = -3*t - 3*i + 20, 3*t + 4*i = 35. Suppose t*d = 4*c + 10, -2*d + 2*c = -c - 4. Calculate h(d).
-22
Suppose 3*t = 3*f - 2 - 1, -4*t + 3*f = 1. Let c(p) = 3 - 2*p + p + 0*p + p**t - 7. Give c(3).
2
Let r(g) = g. Let l(q) be the second derivative of q**2/2 + 11*q. Let t(c) = l(c) - 6*r(c). Give t(-1).
7
Let j(s) be the second derivative of s**4/3 + s**3/6 + s**2/2 - 2*s. Let r be 0/((-2 - (0 - 6)) + -2). Suppose r = v + 8 - 7. What is j(v)?
4
Let r(y) be the first derivative of y**4/8 - y**3/3 - 35*y**2/2 + 15. Let h(z) be the second derivative of r(z). Determine h(-5).
-17
Let c(j) = -j**3 + 16*j**2 - 15*j - 6. Suppose 74*b - 2*d - 62 = 70*b, 61 = 4*b - d. Determine c(b).
-6
Let m(c) = -7*c**2 - 17*c + 4. Let t(k) = -13*k**2 - 33*k + 8. Let s(w) = 11*m(w) - 6*t(w). Determine s(-11).
-4
Let l(a) be the second derivative of a**5/20 - 2*a**4/3 - 3*a**2/2 - 20*a. Let y be l(8). Let n(k) = k**3 + 3*k**2 - 3*k - 4. Determine n(y).
5
Let n be (-2)/(-6) - 34/(-6). Let d(y) = -7*y - 2. Let l(g) = -43*g - 4. Let z(f) = 6*d(f) - l(f). Calculate z(n).
-2
Let t(f) be the first derivative of -f**3/3 - f**2 - 3*f - 268. Suppose 0 = 3*y + 2*y + 25. Calculate t(y).
-18
Let q(l) = l**2 + 12*l - 3. Let n be (-16)/6*225/50. Give q(n).
-3
Let u(w) be the first derivative of -w**4/4 - 2*w**3 - 3*w**2/2 + 10*w + 192. Give u(-5).
0
Let a = 2226 + -2236. Let p(y) = y**3 + 11*y**2 + 9*y. Determine p(a).
10
Let h(p) = -37*p + 42. Let b(v) = 23*v - 41. Let l(q) = 3*b(q) + 2*h(q). Give l(-7).
-4
Let l(h) be the second derivative of 0 + 4*h - h**2 - 1/20*h**5 + 5/12*h**4 - 1/2*h**3. Calculate l(3).
7
Suppose -1 + 4 = 3*j. Let x(p) be the third derivative of -2*p**6/15 - p**5/30 + p**4/12 - p**3/6 + 9*p**2. Calculate x(j).
-17
Let s = 651 + 716. Let x(d) = -1367 + s - d. Calculate x(4).
-4
Let a(i) = i**3 - 10*i**2 + i + 5. Let y be (-6)/(-8)*(-388)/(-6)*2. Let m = y + -87. Determine a(m).
15
Let r(w) = -2*w**2 + w + 2. Let u = 0 + 11. Suppose -u*d + 3 = -10*d. Suppose -6*j = -d*j + 6. Calculate r(j).
-8
Let c(b) = 14*b - 31. Let f(y) = -8*y + 19. Let g(h) = -3*c(h) - 5*f(h). Let u be (6 + -2)*6/(-4). Determine g(u).
10
Suppose -17 + 2 = 3*m. Let c(o) = 4*o - 5. Let f(w) be the first derivative of -w**2 + 3*w - 1. Let b(q) = m*f(q) - 2*c(q). What is b(6)?
7
Let z(d) be the third derivative of -d**5/60 + d**4/12 + d**3/3 - 2*d**2 + 8*d. Give z(2).
2
Let b(j) = -j**2 - 6*j + 5. Let i(h) = -h**2 - 6*h + 5. Let f(u) = 3*b(u) - 4*i(u). Calculate f(-8).
11
Let t be (-6 + 5)*(-28 - 1). Suppose 5*r + t = -5*u + 3*u, 3*u - 2*r = 4. Let l(s) be the first derivative of s**4/4 + s**3/3 - 3*s**2/2 - s - 25. Give l(u).
1
Let c(a) be the third derivative of a**9/20160 + a**8/20160 - a**7/5040 + 17*a**5/60 + 27*a**2. Let d(t) be the third derivative of c(t). Calculate d(1).
3
Let v(d) = 2*d + 38. Let p(t) = 3. Let c(f) = 4*p(f) - v(f). Calculate c(-11).
-4
Let b be 71/7 + (-1695)/105 + 16. Let h(n) = -n + 9. Give h(b).
-1
Let o(r) = r**3 + 4*r**2 - 7*r - 5. Let t = -19 - -24. Suppose t*k - 2*p = -23, -3*p - 14 = 4*k + 9. Give o(k).
5
Let g be -36*3/(-30) - (-2)/5. Let a(z) = z**3 - 3*z**2 - 6*z + 4. What is a(g)?
-4
Let k(l) = 7*l + 2. Suppose 0 = -m - 0*m - o - 1, 21 = 4*m - o. Let y(t) = 7*t**3 + 2*t**2 - 1. Let c be y(-1). Let a be c/m*(-8)/(-6). Calculate k(a).
-12
Let u(y) = -y + 1. Let k = -109 - -109. Let m be (-3)/6*k/2*-1. What is u(m)?
1
Let c(h) = -7*h + 2. Let z be 1 + -2 + (1 - 0). Let y = z - -9. Suppose -5*t - w = w - 8, 3*t - 3*w = y. What is c(t)?
-12
Let y(t) = 0 + 4 + 3*t + 0. Let k(a) = a**3 + 5*a**2 - 14*a - 4. Let q(g) = -g**3 - 15*g**2 - 7. Let j be q(-15). Let p be k(j). What is y(p)?
-8
Let j(h) = -h**2 + 3*h + 3. Suppose -13 = -z + 2*f - 3, 14 = 4*z + 5*f. Suppose 3*y - z = 9. Determine j(y).
-7
Let y = 49 - 44. Let x(t) = 2*t - y - 14 + 19 - 8. Determine x(7).
6
Let g(b) = -3*b**2 + 8*b + 5. Let a(f) = -4*f**2 + 8*f + 4. Let h(w) = 4*a(w) - 5*g(w). Suppose 690 = -16*u - 942. Let m = u - -96. Determine h(m).
3
Let d(y) = 2*y - 26. Let o(g) = 3*g - 39. Let p(v) = -8*d(v) + 5*o(v). Let z = -1419 - -1428. Determine p(z).
4
Let n(w) = 6*w - 2. Let i be n(4). Suppose 0*o = o + 4, 4*o = 3*l - i. Let g(q) = -4*q + l*q**2 + 3*q + 0*q**2 - 3*q**2. Determine g(-2).
-2
Let z(m) = -m**3 + 18*m**2 - 15*m - 24. Let j be z(17). Let r(l) = j*l - 5 + 2*l**2 - l**2 + 1 - 7*l. Calculate r(-5).
6
Let f(l) = -l**2 - 11*l - 19. Let k be f(-9). Let i(s) = 17*s. Calculate i(k).
-17
Let k(m) be the first derivative of -m**5/60 + 5*m**4/8 + 8*m**3/3 + 16. Let r(s) be the third derivative of k(s). Calculate r(10).
-5
Let q(u) = u - 6. Let a be q(6). Suppose a = -h - 6 - 0. Let p(x) = -x + 6. Calculate p(h).
12
Let m(f) = f - 4. Suppose 3*y = 10 + 23. Suppose 5*t - 64 = y. Suppose 0*r = -5*r - t. Give m(r).
-7
Let s(n) = -n**2 + n + 1. Suppose 2*r + 1 = 17. Let t = r - 6. Give s(t).
-1
Let h(s) = -s**2 + 3 - 4*s - 6 - 1. Let r = 76 - 96. Let k be 2*(-5)/r*-10. Give h(k).
-9
Let p be (-1 - 1) + 0/(-10). Let w(c) = -29*c + 8. Let u(d) = -10*d + 3. Let x(o) = 11*u(o) - 4*w(o). Calculate x(p).
-11
Let r be ((-9)/(-12) + 0)*4. Let p(v) = -2*v**2 + 4. Determine p(r).
-14
Let g(m) = 2*m - 3. Let h = -11 + 2. What is g(h)?
-21
Let w(k) be the first derivative of k**4/4 + 8*k**3/3 - 10*k**2 + 6*k + 35. Determine w(-10).
6
Let l = -13 + 9. Let j(k) = -2 + 3 + k + 0*k**2 - 4 + k**2. Calculate j(l).
9
Let y(k) = -4 - 8*k + 3*k + 6*k. Let r = 26 + -20. Let z be (-14)/r*21/(-7). What is y(z)?
3
Let k(t) = t**3 + 11*t**2 + 15*t - 23. Let w be k(-9). Let g(v) be the third derivative of 1/60*v**5 + 0*v**3 + 0 - 9*v**2 + 0*v + 1/6*v**w. What is g(-4)?
0
Let j(b) = 3 + 21*b**2 - 20*b**2 + 9*b + 3. What is j(-8)?
-2
Let k(r) = -r**3 - 5*r**2 + 2*r - 1. Suppose 5 = 9*z + 50. What is k(z)?
-11
Let w(q) = -7*q**2 - 2*q + 6. Let v(l) = -15*l**2 - 4*l + 13. Let h = 7 - 13. Let k(b) = h*v(b) + 13*w(b). Give k(-3).
-3
Let z(a) = a + 3. Let t be z(-3). Let w(n) = -n**3 - n**2 - n - 9. Give w(t).
-9
Let x(i) be the third derivative of -i**5/60 + 5*i**4/24 + 13*i**3/6 - 121*i**2. Determine x(7).
-1
Let l(w) = w**2 - w - 19. Let d = -225 - -225. Calculate l(d).
-19
Suppose m = -3*m + 8. Let x(b) = -29 - 9*b + b**m + 16 + 15. Calculate x(8).
-6
Let n = 125 + -137. Let g(i) = i**2 + 12*i + 1. Give g(n).
1
Let i(j) = 34*j - 94*j + 30*j + 1 + 26*j. Determine i(-5).
21
Let r(b) = -b**2 - 8*b - 4. Let g be -6*(-3)/6*2. Sup